- 311*j + 27306. What is r(71)?
184
Let i(l) = 3*l**3 - 8*l**2 - 2478*l + 16712. Calculate i(7).
3
Let t(v) = -7*v**2 - 987*v - 16212. Determine t(-122).
14
Let t(m) = 26*m**2 - 56*m - 164. Give t(-4).
476
Let q(j) = -j**2 + 1543*j - 33538. Determine q(22).
-76
Let x(c) = -c**3 - 2688*c**2 + 8739*c - 5462068. What is x(-2692)?
0
Let j(t) = t**3 - 11*t**2 + 48470*t - 436095. Give j(9).
-27
Let f(a) = -34535*a + 1623150. What is f(47)?
5
Let t(a) = 6962*a + 6850. Give t(-1).
-112
Let y(h) = -322*h - 9992. Determine y(-31).
-10
Let l(j) = -2288*j**2 - 435*j + 432. Give l(1).
-2291
Let h(q) = 1627*q**2 - 7928*q - 1011. What is h(5)?
24
Let a(w) = -w**2 - 2593777*w. Give a(0).
0
Let d(b) = 62*b**2 - 3363*b + 6479. Give d(2).
1
Let l(z) = -2*z**2 + 276*z - 6986. What is l(102)?
358
Let v(u) = 3*u**2 - 21395*u + 5557948. Calculate v(270).
-2
Let o(s) = -3*s**3 + 99*s**2 + 38*s - 518. Give o(33).
736
Let g(w) = -w**3 - 234*w**2 + 100*w - 30435. What is g(-235)?
1290
Let l(f) = -f**2 + 650*f - 17979. Give l(29).
30
Let j(i) = 18*i**2 - 2841*i + 23696. Determine j(149).
5
Let v(w) = -2*w**3 + 217*w**2 - 1959*w - 23379. Calculate v(18).
3
Let g(q) = 64*q**2 + 1109*q + 2221. Give g(-2).
259
Let j(y) = 148*y - 10481. Calculate j(87).
2395
Let b(s) = 28*s**2 + 24*s + 134. Determine b(-4).
486
Let a(n) = 5*n**2 - 3119*n + 27001. Calculate a(615).
-59
Let l(i) = -i**2 + 151145*i - 1662468. What is l(11)?
6
Let n(s) = 2*s**2 + 5250*s - 956238. Calculate n(171).
-6
Let z(f) = f**3 - 15*f**2 + 135*f + 11. Calculate z(5).
436
Let n(b) = -2099*b - 111220. What is n(-53)?
27
Let g(p) = 128250*p + 9490516. Calculate g(-74).
16
Let q(d) = 1479*d - 526580. Give q(356).
-56
Let d(x) = -423*x - 11361. Give d(-29).
906
Let r(w) = 2*w**3 + 58*w**2 + 275*w - 1993. What is r(-19)?
2
Let l(c) = -c**3 - 45*c**2 + 2342*c + 105185. What is l(-49)?
31
Let w(f) = -f**2 - 3803*f - 1531974. Calculate w(-458).
36
Let j(m) = m**3 - 60*m**2 + 591*m + 1900. Determine j(49).
4448
Let g(q) = 30477*q - 30470. Determine g(1).
7
Let h(v) = 11*v + 52. Calculate h(-22).
-190
Let y(n) = 3*n**2 - 1210*n - 59044. Calculate y(-44).
4
Let z(u) = -u**3 - 358*u**2 + 2543*u - 4297. What is z(-365)?
83
Let j(c) = 10*c**2 - 662*c - 16988. Give j(86).
40
Let f(c) = 335*c + 764. What is f(-4)?
-576
Let g(s) = s**3 - 21*s**2 + 187*s - 10644. Calculate g(28).
80
Let u(c) = 9614*c**2 - 67301*c + 15. What is u(7)?
-6
Let y(w) = 5*w**3 + 548*w**2 + 334*w + 1314. What is y(-109)?
551
Let a(b) = 3*b**2 + 3271*b - 19. Determine a(0).
-19
Let q(x) = x**2 - 69*x + 1260. What is q(70)?
1330
Let c(f) = 13*f**3 + 4*f**2 + f + 9. What is c(2)?
131
Let q(w) = w**3 - 14*w**2 - 438*w + 5236. Determine q(11).
55
Let a(s) = 11*s**3 + 7*s**2 + s - 23. Calculate a(4).
797
Let v(y) = 49*y**3 - 5583*y**2 - 341*y - 143. Give v(114).
-29
Let v(b) = -17*b**2 + 27*b - 82. Calculate v(5).
-372
Let b(k) = 708*k + 26417. Determine b(-39).
-1195
Let d(w) = 2062*w + 2302. Determine d(0).
2302
Let j(u) = u**3 + 292*u**2 + 555*u - 6334. Calculate j(-290).
916
Let p(a) = -5*a**3 + 280*a**2 + 300*a - 688. What is p(57)?
167
Let x(f) = 24*f**2 + 363*f - 2480. Determine x(5).
-65
Let r(v) = -6*v**2 + 2487*v + 203491. What is r(-70)?
1
Let f(a) = a**3 - 6*a**2 + 49256*a + 94. Determine f(0).
94
Let z(r) = 2*r**3 - r**2 - 6*r - 52. Give z(4).
36
Let w(s) = 12*s**2 + 2328*s + 4624. What is w(-192)?
16
Let i(z) = z**3 + 15*z**2 - 104*z - 220. What is i(8)?
420
Let z(s) = 7*s**2 + 11236*s + 56014. Calculate z(-5).
9
Let v(r) = 73*r - 503. What is v(26)?
1395
Let w(v) = -101*v**3 + 52*v**2 - 110*v - 1. Give w(2).
-821
Let n(d) = -d**3 + d**2 + 164*d - 257. What is n(-13)?
-23
Let m(p) = -382*p - 257850. Calculate m(-675).
0
Let y(h) = 2*h**3 - 543*h**2 - 12145*h + 2942. Calculate y(-21).
2
Let p(g) = -44300*g + 1107504. Give p(25).
4
Let n(s) = 37025*s - 50835325. What is n(1373)?
0
Let d(c) = 8*c**3 - 77*c**2 + 388*c + 7. Determine d(6).
1291
Let r(i) = -11*i**2 + 2624*i + 614. Calculate r(239).
-581
Let m(j) = -3*j**3 - 280*j**2 - 374*j - 458. Determine m(-92).
94
Let j(d) = 2565*d - 87287. Calculate j(34).
-77
Let r(k) = 239*k**2 + 254*k + 27. Calculate r(-1).
12
Let i(y) = 110*y + 4902. Give i(-43).
172
Let s(w) = w**2 + 617*w + 3065. Give s(-5).
5
Let x(f) = 166473*f + 2996578. Determine x(-18).
64
Let q(f) = f**3 + 113*f**2 - 45*f - 5254. Give q(-113).
-169
Let m(j) = -15*j**2 + 564*j + 1457. Give m(40).
17
Let v(c) = -c**2 - 10077*c - 3423204. Give v(-352).
-4
Let d(f) = -22*f + 471. Give d(12).
207
Let q(h) = -h**2 + 241*h - 8068. What is q(40)?
-28
Let r(m) = 1953*m**2 + 204*m - 196. Give r(1).
1961
Let n(c) = 470*c - 28849. Give n(60).
-649
Let m(w) = -41*w**2 - 76*w + 242. Calculate m(4).
-718
Let v(b) = -94389*b + 283. Calculate v(0).
283
Let n(g) = -2*g**3 + 59*g**2 + 51*g - 1447. Calculate n(29).
873
Let p(l) = -l**3 + 481*l**2 - 641*l + 77273. Determine p(480).
-7
Let m(q) = -4569*q - 287959. What is m(-63)?
-112
Let h(j) = 29349*j + 5018696. Calculate h(-171).
17
Let z(b) = 9*b**3 - 17*b**2 + 255*b - 520. Calculate z(2).
-6
Let h(k) = -11*k**2 - 103*k - 156. Give h(-13).
-676
Let k(c) = -7191*c - 1610793. Determine k(-224).
-9
Let b(z) = -2*z**3 - 139*z**2 - 697*z + 233. What is b(-64)?
-215
Let x(j) = -2*j**2 + 560*j - 39338. Calculate x(134).
-210
Let g(d) = -4*d**2 - 479*d - 6073. What is g(-15)?
212
Let o(j) = -46*j**2 - 647*j + 5. Calculate o(-14).
47
Let x(p) = p**3 + 2*p**2 - 19*p - 244. Give x(0).
-244
Let h(c) = 7*c**3 + 2*c**2 - 366*c - 1811. Give h(-5).
-806
Let b(m) = -m**3 - 7*m**2 - 44*m + 295. Calculate b(-11).
1263
Let d(h) = -2*h**3 - 25*h**2 - 90*h - 6. Determine d(-5).
69
Let y(s) = -23*s**2 - 565*s - 3114. Give y(-16).
38
Let d(u) = u**3 - 767*u - 4606. What is d(-24)?
-22
Let i(c) = 113*c**2 + 295*c - 1. Give i(-2).
-139
Let b(g) = g**3 + 52*g**2 + 12697*g + 644946. Calculate b(-51).
0
Let p(n) = 5386*n + 888769. Calculate p(-165).
79
Let f(u) = -2051*u + 535313. Give f(261).
2
Let l(u) = u**3 - 15*u**2 - 98182*u + 1472727. Determine l(15).
-3
Let l(o) = 2*o**3 + 39*o**2 - 34*o - 48. Determine l(-20).
232
Let x(y) = -503*y + 122500. Give x(248).
-2244
Let z(m) = -16486*m + 1252932. Determine z(76).
-4
Let u(h) = 5322*h - 5279. Give u(1).
43
Let r(v) = -653*v**2 + 1170*v + 268. What is r(2)?
-4
Let v(j) = -7133*j + 113608. Determine v(15).
6613
Let u(f) = -19108*f + 19121. Give u(1).
13
Let k(g) = 315*g + 958. Calculate k(-2).
328
Let c(o) = -177*o**2 - 18054*o - 108. Determine c(-102).
-108
Let r(d) = 780*d + 1203. Give r(0).
1203
Let h(p) = -p**3 - 204*p**2 + 396*p - 3449. Determine h(-206).
-153
Let z(d) = -35*d**3 + 163*d**2 - 447*d + 10. What is z(3)?
-809
Let m(s) = 4305*s - 180800. Determine m(42).
10
Let s(o) = o**3 - 385*o**2 - 4785*o - 267. What is s(-12)?
-15
Let g(m) = 102*m**2 + 5401*m - 138. Calculate g(-53).
127
Let o(w) = 3*w**2 + 28773*w + 1374198. What is o(-48)?
6
Let w(x) = 5*x**2 - 1306*x + 12800. Determine w(251).
-1
Let n(w) = -287*w + 1289. Give n(5).
-146
Let v(d) = -109*d - 5097. What is v(-41)?
-628
Let c(v) = -4*v**2 - 253*v - 735. Give c(-61).
-186
Let r(h) = 37489*h - 1499557. Give r(40).
3
Let g(t) = 4*t**3 + 21*t**2 - 54*t - 160. Calculate g(-7).
-125
Let c(o) = 19*o**2 + 31*o - 53. Determine c(0).
-53
Let i(v) = 64*v**3 - 807*v**2 + 473*v - 52. Give i(12).
8
Let t(z) = -762*z - 35775. Calculate t(-47).
39
Let a(r) = r**3 - 2*r**2 + 1295*r - 1755. Calculate a(0).
-1755
Let y(c) = -1345604*c - 13456045. Determine y(-10).
-5
Let w(n) = n**3 - 184*n**2 + 8103*n - 9. Give w(111).
-9
Let g(o) = -317109*o + 5390895. Give g(17).
42
Let o(d) = -12669*d - 164773. Give o(-13).
-76
Let v(b) = -b**3 - 12*b**2 - 2876*b + 24277. What is v(8)?
-11
Let t(g) = -6*g**2 - 3764*g + 29137. What is t(-635)?
-73
Let t(i) = 3529*i + 261212. Determine t(-74).
66
Let m(h) = -9352083*h + 3. What is m(0)?
3
Let p(c) = -3*c**3 - 2*c**2 + 32*c - 30. Give p(2).
2
Let h(n) = 11*n**3 + 36*n**2 + 15*n + 106. Give h(-4).
-82
Let i(g) = 1874*g - 2444. Calculate i(1).
-570
Let a(s) = 9*s**2 - 131*s + 254. Calculate a(12).
-22
Let v(p) = p**3 + 15*p**2 + 30676*p + 460137. What is v(-15)?
-3
Let x(i) = -6144*i**2 + 49174*i - 142. Determine x(8).
34
Let a(u) = u**2 + 860*u + 181063. Give a(-492).
7
Let p(v) = 27*v*